10101111 (base 2) to base 9
2625
Convert 671 (base 8) to base 3.
121100
-46705 (base 8) to base 4
-10313011
What is 1272 (base 15) in base 9?
5348
Convert -25a (base 11) to base 4.
-10303
Convert -1318 (base 13) to base 4.
-222211
2231 (base 4) to base 15
b8
620 (base 8) to base 3
112211
Convert 174a (base 11) to base 8.
4270
What is 29a4 (base 11) in base 10?
3865
-100100 (base 2) to base 10
-36
-1011212 (base 3) to base 15
-3c5
Convert 1101000 (base 2) to base 14.
76
Convert -148 (base 9) to base 8.
-175
What is -67e (base 15) in base 4?
-112331
What is -222100 (base 4) in base 14?
-db2
Convert -13233 (base 4) to base 10.
-495
What is 1021020 (base 6) in base 2?
1100000101000100
Convert -1960 (base 13) to base 16.
-ed4
10111010001 (base 2) to base 16
5d1
Convert 5154 (base 8) to base 5.
41133
110101111110 (base 2) to base 11
2660
What is -1837 (base 9) in base 12?
-997
What is -415 (base 6) in base 5?
-1110
What is 103221 (base 4) in base 13?
759
110101100101 (base 2) to base 13
173a
Convert -222314 (base 5) to base 12.
-464a
What is -101102110 (base 3) in base 2?
-1110110101111
What is 452424 (base 6) in base 9?
57327
-244230 (base 6) to base 3
-1002202100
Convert -315026 (base 7) to base 6.
-1100325
-40164 (base 8) to base 6
-204220
What is -3113 (base 4) in base 7?
-425
Convert -25a4 (base 14) to base 4.
-1213110
3457 (base 11) to base 10
4539
-12222002 (base 3) to base 11
-32a4
438 (base 16) to base 2
10000111000
What is 105404 (base 7) in base 11?
13080
Convert -3200010 (base 4) to base 6.
-150220
What is 749a (base 11) in base 2?
10011010110110
What is 10110010101 (base 2) in base 3?
1221221
What is 338 (base 16) in base 11?
68a
Convert 21315 (base 6) to base 16.
b6f
What is -11222 (base 5) in base 14?
-420
-2366 (base 10) to base 4
-210332
Convert 518 (base 9) to base 8.
646
Convert 8a04 (base 14) to base 4.
11311230
6b (base 12) to base 6
215
-11120 (base 5) to base 8
-1421
What is 2862 (base 11) in base 15?
1168
3ab (base 16) to base 11
784
Convert -5104 (base 6) to base 10.
-1120
-17741 (base 8) to base 15
-2641
110100 (base 2) to base 4
310
Convert 221220101 (base 3) to base 10.
18883
What is -512 (base 6) in base 10?
-188
Convert 25442 (base 6) to base 15.
1212
What is 434 (base 9) in base 14?
1b5
Convert -10100100 (base 2) to base 9.
-202
Convert 581 (base 9) to base 13.
2aa
Convert 11012 (base 5) to base 10.
757
10321 (base 5) to base 2
1011000111
Convert -16c (base 16) to base 7.
-1030
Convert 2432 (base 5) to base 3.
111121
-81b (base 13) to base 15
-61b
-547 (base 14) to base 5
-13133
Convert -100110001001001 (base 2) to base 8.
-46111
-3bd (base 14) to base 7
-2126
2d3e (base 16) to base 2
10110100111110
Convert 504 (base 7) to base 4.
3321
-c6d (base 14) to base 2
-100110010001
Convert -11031 (base 6) to base 4.
-113323
3233 (base 6) to base 12
519
Convert -1100 (base 14) to base 11.
-2233
Convert 14332 (base 5) to base 7.
3356
What is -23691 (base 11) in base 2?
-1000010100110101
29b7 (base 13) to base 6
44025
-10111100001 (base 2) to base 3
-2001202
What is 11001100010 (base 2) in base 3?
2020112
Convert 776 (base 12) to base 4.
101022
Convert 4244 (base 5) to base 16.
23e
-6163 (base 8) to base 9
-4331
Convert 48a3 (base 14) to base 10.
12687
What is -2200221 (base 3) in base 2?
-11110110001
What is 111001 (base 3) in base 8?
540
What is -1401 (base 6) in base 13?
-21a
34 (base 8) to base 2
11100
What is 1363 (base 8) in base 16?
2f3
What is 71 (base 9) in base 2?
1000000
-bd (base 15) to base 14
-ca
Convert -1315 (base 7) to base 16.
-1f6
Convert -132343 (base 7) to base 14.
-90ca
-14515 (base 6) to base 13
-10bb
Convert -22021 (base 4) to base 12.
-461
Convert -45 (base 12) to base 4.
-311
What is 4064 (base 13) in base 2?
10001010100110
Convert 1407 (base 10) to base 8.
2577
What is 105 (base 8) in base 7?
126
What is 10a (base 13) in base 7?
344
What is -1422344 (base 5) in base 8?
-72034
Convert 1294 (base 11) to base 12.
b78
What is 36343 (base 11) in base 4?
30301133
What is 1353 (base 6) in base 7?
1020
-133853 (base 9) to base 7
-456642
Convert 45 (base 13) to base 10.
57
Convert -507 (base 10) to base 5.
-4012
What is 27361 (base 8) in base 15?
3862
Convert 21013131 (base 4) to base 5.
2143331
Convert 2210323 (base 4) to base 16.
293b
What is -242 (base 10) in base 9?
-288
What is -16513 (base 9) in base 12?
-66a0
Convert 103423 (base 5) to base 15.
110d
Convert 7057 (base 11) to base 8.
22243
What is 10222211 (base 3) in base 5?
43121
What is b602 (base 12) in base 16?
4da2
What is -80 (base 15) in base 5?
-440
Convert -1304 (base 5) to base 13.
-129
What is -2020002121 (base 3) in base 11?
-2aa08
What is 610f (base 16) in base 6?
311011
What is -4811 (base 13) in base 3?
-111221002
What is 78 (base 10) in base 13?
60
Convert 2333 (base 9) to base 3.
2101010
-23278 (base 9) to base 16
-3cb6
What is 376 (base 14) in base 6?
3112
Convert -10011111011 (base 2) to base 3.
-1202020
208 (base 11) to base 13
163
-53602 (base 7) to base 13
-60b5
What is -13649 (base 10) in base 15?
-409e
11000021 (base 3) to base 15
ced
Convert 757 (base 13) to base 5.
20010
What is -3410 (base 5) in base 11?
-3a7
164350 (base 7) to base 16
7fff
Convert 29a (base 11) to base 16.
15f
What is 60 (base 12) in base 14?
52
665 (base 10) to base 6
3025
Convert 107c (base 13) to base 3.
10011012
What is 377 (base 15) in base 14?
403
-469 (base 15) to base 14
-515
-456 (base 9) to base 8
-567
What is -1000031 (base 4) in base 11?
-30a6
Convert -100111110000 (base 2) to base 10.
-2544
2301201 (base 4) to base 15
3576
What is 143a (base 11) in base 12?
10aa
20013 (base 4) to base 11
432
-5a9c (base 13) to base 7
-52221
Convert -4097 (base 10) to base 15.
-1332
What is -112120 (base 3) in base 11?
-328
What is -8382 (base 12) in base 3?
-201200122
1120121 (base 3) to base 2
10001111110
4134 (base 5) to base 11
455
What is 13920 (base 11) in base 7?
111365
What is 20b2 (base 15) in base 7?
26111
What is 1749 (base 10) in base 7?
5046
Convert 69 (base 15) to base 6.
243
32467 (base 8) to base 14
4d71
Convert -222400 (base 5) to base 8.
-17252
Convert -8cc3 (base 16) to base 8.
-106303
What is -cc22 (base 13) in base 9?
-42877
1517 (base 11) to base 13
b74
b412 (base 13) to base 3
1021002200
What is 112211000 (base 3) in base 10?
10800
What is 762 (base 10) in base 11?
633
What is -111130 (base 4) in base 10?
-1372
-1ea (base 15) to base 7
-1204
What is 446 (base 10) in base 6?
2022
100011111 (base 2) to base 8
437
Convert -114413 (base 5) to base 8.
-10406
4422 (base 5) to base 12
430
What is -21102210 (base 3) in base 14?
-1d93
Convert -122101020 (base 3) to base 4.
-3011331
What is -422 (base 7) in base 15?
-e2
What is 1000001100 (base 2) in base 14?
296
-92b0 (base 15) to base 14
-b418
-1100212 (base 3) to base 8
-1743
What is -21333 (base 4) in base 9?
-780
Convert 252 (base 6) to base 7.
206
-d219 (base 16) to base 9
-81701
-202122 (base 3) to base 2
-1000101101
What is -2d0 (base 15) in base 2?
-1010000101
-110323 (base 4) to base 13
-7c0
-3301011 (base 4) to base 9
-23143
712 (base 12) to base 7
2660
What is 210212 (base 3) in base 12?
412
Convert 33 (base 9) to base 16.
1e
Convert 370 (base 13) to base 7.
1513
Convert -3170 (base 8) to base 13.
-9a5
Convert 1b1 (base 16) to base 6.
2001
Convert -11001211 (base 3) to base 5.
-43330
Convert 10000110000110 (base 2) to base 8.
20606
What is 498 (base 10) in base 3?
200110
-10122210 (base 3) to base 4
-221223
What is 656b (base 12) in base 10?
11171
Convert 2001332 (base 4) to base 15.
26e8
Convert -25305 (base 7) to base 11.
-5013
46c (base 14) to base 2
1101110000
25442 (base 6) to base 16
f02
What is 284 (base 10) in base 3?
101112
What is -10100210012 (base 3) in base 10?
-66182
What is 2022101 (base 3) in base 4?
122110
-2146 (base 13) to base 11
-3521
8321 (base 14) to base 4
11200221
Convert 259 (base 14) to base 2.
111010111
Convert 15250 (base 6) to base 10.
2478
Convert -2206 (base 8) to base 6.
-5210
What is -10010001111001 (base 2) in base 11?
-7019
What is -202 (base 3) in base 15?
-15
5071 (base 11) to base 13
30ac
What is 847 (base 10) in base 3?
1011101
48616 (base 9) to base 12
16a29
b1 (base 12) to base 13
a3
6286 (base 9) to base 14
1978
88a (base 14) to base 6
11454
Co